False
Is 31023833 a composite number?
False
Is 20151587 a prime number?
True
Is 187158581 a composite number?
False
Is 1056067 prime?
False
Is 9827603 a prime number?
False
Is 110338829 a composite number?
False
Is 101695223 prime?
False
Is 47150983 prime?
False
Is 220621 prime?
False
Is 11295257 a composite number?
True
Is 11505719 composite?
True
Is 102116401 a composite number?
False
Is 49068121 a prime number?
True
Is 3306059 prime?
True
Is 2721623 prime?
False
Is 42823997 a prime number?
True
Is 1569999 a composite number?
True
Is 6800843 a composite number?
True
Is 2172799 a composite number?
False
Is 19795586 composite?
True
Is 221653 composite?
False
Is 85284481 prime?
True
Is 213807823 a composite number?
False
Is 7991981 composite?
False
Is 15944897 a composite number?
False
Is 80284465 prime?
False
Is 36630511 a composite number?
False
Is 200927 prime?
True
Is 77151619 a prime number?
True
Is 119257 prime?
False
Is 755519 prime?
False
Is 545000147 prime?
False
Is 45390251 a composite number?
False
Is 442794161 a composite number?
False
Is 2398777 composite?
False
Is 2754337 a composite number?
True
Is 2968739 a composite number?
True
Is 340276049 a prime number?
False
Is 1843913 prime?
False
Is 5353581 a composite number?
True
Is 182565317 prime?
False
Is 8158061 a composite number?
False
Is 21688229 prime?
False
Is 153992677 prime?
False
Is 4495823 prime?
False
Is 94477991 a prime number?
True
Is 8931827 prime?
True
Is 482784941 a prime number?
False
Is 10290277 a composite number?
False
Is 4988983 a composite number?
False
Is 251855159 composite?
False
Is 1652621 composite?
True
Is 377459 prime?
True
Is 443077009 a prime number?
True
Is 34961293 a composite number?
False
Is 21386891 prime?
False
Is 245611 prime?
False
Is 3206873 prime?
True
Is 3498739 composite?
False
Is 2461337 composite?
False
Is 54596011 prime?
True
Is 29431033 a composite number?
True
Is 26903743 a composite number?
False
Is 374389 a prime number?
True
Is 2664745 prime?
False
Is 93874507 composite?
False
Is 6833899 composite?
False
Is 2846201 composite?
True
Is 7063561 composite?
True
Is 281885251 a composite number?
True
Is 2077549 a composite number?
False
Is 43840493 a prime number?
True
Is 125791507 composite?
False
Is 3541907 a prime number?
True
Is 371491007 a composite number?
True
Is 255120941 composite?
True
Is 69666937 composite?
False
Is 183907 prime?
True
Is 237269807 prime?
False
Is 345565657 a composite number?
True
Is 260261509 composite?
False
Is 44652847 composite?
False
Is 77919217 prime?
True
Is 587484371 composite?
True
Is 2787443 composite?
False
Is 3364451 composite?
False
Is 26061797 a composite number?
True
Is 518633 prime?
False
Is 1833257 a composite number?
False
Is 46478791 prime?
False
Is 182260411 a composite number?
True
Is 20761003 prime?
True
Is 2841653 a composite number?
False
Is 1088209 prime?
True
Is 1371757 a prime number?
False
Is 4621649 a prime number?
True
Is 40192873 a prime number?
False
Is 9581057 a composite number?
False
Is 246954397 composite?
False
Is 819375827 a prime number?
True
Is 1244909 prime?
True
Is 36409249 a composite number?
True
Is 17808577 prime?
False
Is 2566769 composite?
True
Is 65177257 prime?
True
Is 1426327 a composite number?
True
Is 1980157 composite?
True
Is 13024409 a prime number?
True
Is 3237947 composite?
False
Is 24480653 a prime number?
True
Is 730445459 a composite number?
False
Is 60010727 prime?
False
Is 4497809 a composite number?
True
Is 113955973 a prime number?
False
Is 1529974085 composite?
True
Is 11901973 a prime number?
True
Is 5612983 prime?
True
Is 94218791 composite?
False
Is 1186430339 prime?
False
Is 199114579 a composite number?
False
Is 74340803 prime?
True
Is 88721 a prime number?
True
Is 12165071 a prime number?
False
Is 738524837 prime?
True
Is 15848211 composite?
True
Is 5363309 a prime number?
False
Is 920357 prime?
True
Is 5494339 a composite number?
False
Is 16773739 prime?
False
Is 51034489 composite?
True
Is 1630721 a composite number?
False
Is 2291369 a composite number?
False
Is 9518723 a prime number?
True
Is 4086842 a composite number?
True
Is 17372857 a composite number?
False
Is 73175801 prime?
False
Is 613147 composite?
True
Is 2619814 composite?
True
Is 10199401 prime?
True
Is 621553 composite?
True
Is 5700446 prime?
False
Is 847727 a prime number?
True
Is 41943719 a prime number?
False
Is 93241811 a composite number?
True
Is 3357907 a composite number?
True
Is 1446871 composite?
False
Is 204416603 composite?
True
Is 28707229 composite?
False
Is 19219787 prime?
True
Is 4782023 a composite number?
False
Is 457373571 composite?
True
Is 17573861 composite?
False
Is 8612133 composite?
True
Is 4755697 a prime number?
False
Is 3216403 a prime number?
True
Is 6689047 a composite number?
False
Is 6273913 a composite number?
True
Is 108649097 prime?
True
Is 25106051 a composite number?
False
Is 723529 composite?
False
Is 37350393 prime?
False
Is 47247793 a composite number?
False
Is 609321379 prime?
False
Is 252695522 composite?
True
Is 634879 a prime number?
False
Is 162888901 a composite number?
True
Is 19038389 prime?
True
Is 205489177 composite?
True
Is 8244715 composite?
True
Is 2482107 a prime number?
False
Is 6865645 prime?
False
Is 110494523 prime?
True
Is 4819343 a prime number?
False
Is 154490257 prime?
True
Is 20443201 prime?
True
Is 8710529 prime?
True
Is 331069 prime?
False
Is 2291539 composite?
False
Is 10729517 prime?
True
Is 981643 prime?
False
Is 96863583 a prime number?
False
Is 1294931 composite?
True
Is 39896231 prime?
False
Is 73149001 a prime number?
False
Is 2170043 prime?
True
Is 916563 a composite number?
True
Is 45894461 composite?
True
Is 11590207 prime?
True
Is 6217543 prime?
True
Is 324713 composite?
True
Is 199803931 prime?
True
Is 321623751 a prime number?
False
Is 273331 a composite number?
True
Is 270061097 composite?
False
Is 4665761 a prime number?
True
Is 1084927 composite?
False
Is 67717633 a prime number?
False
Is 10052353 a composite number?
True
Is 2715199 a prime number?
False
Is 9323233 a composite number?
False
Is 3532013 composite?
True
Is 3652759 prime?
False
Is 26962491 prime?
False
Is 1361 a composite number?
False
Is 51547219 prime?
False
Is 7191547 a prime number?
False
Is 6119941 a composite number?
True
Is 2647 a prime number?
True
Is 5077307 a composite number?
True
Is 2154511585 a composite number?
True
Is 412087145 prime?
False
Is 217327199 a prime number?
False
Is 45819831 a prime number?
False
Is 490769 a composite number?
False
Is 130844003 a composite number?
False
Is 7542749 composite?
False
Is 94287385 a composite number?
True
Is 5741923 composite?
True
Is 125668163 a prime number?
True
Is 59667713 a prime number?
False
Is 1633417 composite?
True
Is 57113723 a prime number?
True
Is 92416339 prime?
True
Is 448872917 a prime number?
True
Is 10326223 a composite number?
True
Is 3178237 a prime number?
True
Is 178782523 composite?
True
Is 1676383 a composite number?
False
Is 54365141 a prime number?
False
Is 2281079 a composite number?
False
Is 152434201 composite?
True
Is 1499801 composite?
True
Is 14161151 composite?
False
Is 1021483 a prime number?
True
Is 7600607 a composite number?
True
Is 708842 prime?
False
Is 863767 prime?
True
Is 13177267 prime?
False
Is 14209429 composite?
True
Is 3509153 composite?
False
Is 21305967 prime?
False
Is 9758083 composite?
True
Is 1335199 a prime number?
True
Is 12545597 prime?
False
Is 39625121 composite?
False
Is 56766067 a composite number?
False
Is 6435371 prime?
True
Is 235093 composite?
True
Is 393684007 a prime number?
True
Is 48803177 a composite number?
False
Is 8623579 composite?
False
Is 311765761 a prime number?
True
Is 37140197 a prime number?
True
Is 125912911 composite?
False
Is 7197101 a composite number?
False
Is 32608879 a composite number?
True
Is 10953281 composite?
False
Is 344551 prime?
False
Is 38218073 a composite number?
True
Is 79103218 prime?
False
Is 12076289 a prime number?
True
Is 7639031 composite?
False
Is 2143798 a prime number?
False
Is 257779633 a prime number?
True
Is 28721113 prime?
True
Is 312166649 composite?
True
Is 268129231 a composite number?
False
Is 774675367 a prime number?
True
Is 116374343 prime?
True
Is 5776523 a